{"id":156,"date":"2026-02-25T13:52:41","date_gmt":"2026-02-25T13:52:41","guid":{"rendered":"https:\/\/xn--spannendesfrkinder-w6b.de\/?page_id=156"},"modified":"2026-02-25T13:53:42","modified_gmt":"2026-02-25T13:53:42","slug":"ueber-mich-2","status":"publish","type":"page","link":"https:\/\/spannendesf\u00fcrkinder.de\/?page_id=156","title":{"rendered":"\u00dcber mich"},"content":{"rendered":"<h2 data-start=\"0\" data-end=\"14\">Das bin ich:<\/h2>\n<p data-start=\"16\" data-end=\"237\">Manchmal sitze ich hier mit einer Tasse Tee, schaue meinem Sohn beim Spielen zu und denke mir: \u00a0<strong data-start=\"116\" data-end=\"237\">Wie oft ich fr\u00fcher geh\u00f6rt habe: \u201eIch wei\u00df einfach nicht, was ich mit meinem Kind machen soll\u2026\u201c<\/strong><\/p>\n<p data-start=\"239\" data-end=\"273\">Und genau da hat alles angefangen.<\/p>\n<p data-start=\"275\" data-end=\"492\">Ich bin Alina. In meinen 30ern.\u00a0<br data-start=\"289\" data-end=\"292\" \/>Alleinerziehende Mama eines wundervollen Sohnes.<br data-start=\"340\" data-end=\"343\" \/>Erzieherin mit jahrelanger Berufserfahrung im Kindergarten.<br data-start=\"402\" data-end=\"405\" \/>Und vor allem: ein Mensch mit einer riesengro\u00dfen Leidenschaft f\u00fcr kreative Kinderideen.<\/p>\n<p data-start=\"275\" data-end=\"492\">Schon immer! Ich war und bin immer der kreative Mensch gewesen. Vor allem hat mich aber der Bereich wie Kinder durch Spiel-und Bastelideen lernen und sich weiterentwickeln. Viele Dinge sind so klein, dass wir sie garnicht bemerken aber es entwickelt sich irgendwann zu etwas gro\u00dfem und so sind es auch die F\u00e4higkeiten der Kinder.<\/p>\n<h3 data-start=\"499\" data-end=\"528\">Warum es diesen Blog gibt<\/h3>\n<p data-start=\"530\" data-end=\"543\">Ganz ehrlich?<\/p>\n<p data-start=\"545\" data-end=\"701\">Weil ich es nicht mehr h\u00f6ren konnte, wie \u00fcberfordert und ersch\u00f6pft viele Mamas sind.<br data-start=\"615\" data-end=\"618\" \/>Weil ich wei\u00df, wie es sich anf\u00fchlt, wenn man abends todm\u00fcde ist und trotzdem denkt:<\/p>\n<blockquote data-start=\"703\" data-end=\"770\">\n<p data-start=\"705\" data-end=\"770\">\u201eWas basteln wir morgen? Wie besch\u00e4ftige ich mein Kind sinnvoll?\u201c<\/p>\n<\/blockquote>\n<p data-start=\"772\" data-end=\"932\">Ich habe diesen Blog gegr\u00fcndet, weil ich helfen wollte.<br data-start=\"827\" data-end=\"830\" \/>Mamas. Papas. Gro\u00dfeltern. P\u00e4dagogen.<br data-start=\"866\" data-end=\"869\" \/>Allen, die manchmal ratlos vor einem leeren Basteltisch sitzen. Weil sie mal wieder nicht wissen, was man basteln kann.<\/p>\n<p data-start=\"772\" data-end=\"932\">Das hat mich angetrieben. Und deswegen gibt es diesen Blog. F\u00fcr dich. F\u00fcr dein Kind. F\u00fcr deinen Job. Und auch f\u00fcr mich.<\/p>\n<p data-start=\"934\" data-end=\"1056\">Hier findest du keine komplizierten Pinterest-Perfektionismus-Projekte.<br data-start=\"1005\" data-end=\"1008\" \/>Sondern echte, machbare, alltagstaugliche Ideen. Diese kannst du zuhause oder auch im Kindergarten-Alltag umsetzen.<\/p>\n<p data-start=\"1058\" data-end=\"1151\">Ideen, die funktionieren.<br data-start=\"1083\" data-end=\"1086\" \/>Ideen, die Kinder lieben.<br data-start=\"1111\" data-end=\"1114\" \/>Ideen, die du sofort umsetzen kannst.<\/p>\n<h3 data-start=\"1158\" data-end=\"1213\">Wer ich bin \u00a0und warum ich wei\u00df, wovon ich spreche<\/h3>\n<p data-start=\"1215\" data-end=\"1361\">Ich bin ausgebildete Erzieherin.<br data-start=\"1247\" data-end=\"1250\" \/>Ich arbeite seit Jahren im Kindergartenbereich vor allem der kreative Bereich ( das Atelier) ist mein Steckenpferd und habe t\u00e4glich mit Kindern zwischen 1 und 6 Jahren gearbeitet.<\/p>\n<p data-start=\"1363\" data-end=\"1373\">Ich kenne:<\/p>\n<ul data-start=\"1374\" data-end=\"1543\">\n<li data-start=\"1374\" data-end=\"1396\">\n<p data-start=\"1376\" data-end=\"1396\">Entwicklungsphasen<\/p>\n<\/li>\n<li data-start=\"1397\" data-end=\"1420\">\n<p data-start=\"1399\" data-end=\"1420\">F\u00f6rderm\u00f6glichkeiten<\/p>\n<\/li>\n<li data-start=\"1421\" data-end=\"1456\">\n<p data-start=\"1423\" data-end=\"1456\">typische \u00dcberforderungs-Momente<\/p>\n<\/li>\n<li data-start=\"1457\" data-end=\"1484\">\n<p data-start=\"1459\" data-end=\"1484\">sensorische Bed\u00fcrfnisse<\/p>\n<\/li>\n<li data-start=\"1485\" data-end=\"1510\">\n<p data-start=\"1487\" data-end=\"1510\">Konzentrationsspannen<\/p>\n<\/li>\n<li data-start=\"1511\" data-end=\"1543\">\n<p data-start=\"1513\" data-end=\"1543\">und ja\u2026 auch Trotzanf\u00e4lle bzw Autonomie &#8211; Diskussionen.<\/p>\n<\/li>\n<\/ul>\n<p data-start=\"1545\" data-end=\"1701\">Ich habe unz\u00e4hlige Bastelangebote geplant. Sensory Play Stationen aufgebaut. Elterngespr\u00e4che gef\u00fchrt.<br data-start=\"1650\" data-end=\"1653\" \/>Beobachtungen geschrieben. Projekte umgesetzt.<\/p>\n<p data-start=\"1703\" data-end=\"1724\">Und ich habe gelernt:<\/p>\n<p data-start=\"1726\" data-end=\"1815\">Kinder brauchen keine perfekten Eltern. Sie brauchen pr\u00e4sente Eltern. Und gute Ideen, die nicht \u00fcberfordern sondern da ansetzen was Kinder brauchen.<\/p>\n<h3 data-start=\"1822\" data-end=\"1841\">Meine Expertise<\/h3>\n<p data-start=\"1843\" data-end=\"1871\">Ich bin Expertin im Bereich:<\/p>\n<ul data-start=\"1873\" data-end=\"2122\">\n<li data-start=\"1873\" data-end=\"1898\">\n<p data-start=\"1875\" data-end=\"1898\">Kindergartenp\u00e4dagogik<\/p>\n<\/li>\n<li data-start=\"1899\" data-end=\"1943\">\n<p data-start=\"1901\" data-end=\"1943\">Kreatives Basteln mit Alltagsmaterialien<\/p>\n<\/li>\n<li data-start=\"1944\" data-end=\"1960\">\n<p data-start=\"1946\" data-end=\"1960\">Sensory Play<\/p>\n<\/li>\n<li data-start=\"1961\" data-end=\"1986\">\n<p data-start=\"1963\" data-end=\"1986\">Feinmotorik-F\u00f6rderung<\/p>\n<\/li>\n<li data-start=\"1987\" data-end=\"2008\">\n<p data-start=\"1989\" data-end=\"2008\">Sinneserfahrungen<\/p>\n<\/li>\n<li data-start=\"2009\" data-end=\"2039\">\n<p data-start=\"2011\" data-end=\"2039\">Spielideen ohne Bildschirm<\/p>\n<\/li>\n<li data-start=\"2040\" data-end=\"2072\">\n<p data-start=\"2042\" data-end=\"2072\">schnelle SOS-Besch\u00e4ftigungen<\/p>\n<\/li>\n<li data-start=\"2073\" data-end=\"2101\">\n<p data-start=\"2075\" data-end=\"2101\">jahreszeitliche Projekte<\/p>\n<\/li>\n<li data-start=\"2102\" data-end=\"2122\">\n<p data-start=\"2104\" data-end=\"2122\">DIY mit Mehrwert<\/p>\n<\/li>\n<li data-start=\"2102\" data-end=\"2122\">und so viele weitere Themen.<\/li>\n<\/ul>\n<p data-start=\"2124\" data-end=\"2200\">Ich denke bei jeder Idee nicht nur: \u201eSieht h\u00fcbsch aus.\u201c Ich denke immer:<\/p>\n<p data-start=\"2202\" data-end=\"2302\">Was lernt das Kind dabei?<br data-start=\"2227\" data-end=\"2230\" \/>Welche Sinne werden angesprochen?<br data-start=\"2263\" data-end=\"2266\" \/>Welche Kompetenzen werden gef\u00f6rdert?<\/p>\n<p data-start=\"2304\" data-end=\"2328\">Das ist der Unterschied.<\/p>\n<h3 data-start=\"2335\" data-end=\"2366\">Was du hier bei mir findest<\/h3>\n<p data-start=\"2368\" data-end=\"2388\">Bei mir bekommst du:<\/p>\n<p data-start=\"2390\" data-end=\"2765\">\u2728 Einfache Bastelideen mit Schritt-f\u00fcr-Schritt-Anleitung<br data-start=\"2446\" data-end=\"2449\" \/>\u2728 Sensorische Spielideen<br data-start=\"2473\" data-end=\"2476\" \/>\u2728 Kreative Besch\u00e4ftigungsideen ohne viel Vorbereitung<br data-start=\"2529\" data-end=\"2532\" \/>\u2728 Saisonale Inspirationen f\u00fcr Fr\u00fchling, Sommer, Herbst und Winter<br data-start=\"2597\" data-end=\"2600\" \/>\u2728 Kindergarten-nahe Projekte<br data-start=\"2628\" data-end=\"2631\" \/>\u2728 Ideen f\u00fcr verregnete Nachmittage<br data-start=\"2665\" data-end=\"2668\" \/>\u2728 Rezepte, die Kinder lieben<br data-start=\"2696\" data-end=\"2699\" \/>\u2728 Spielideen ohne Spielzeug<br data-start=\"2726\" data-end=\"2729\" \/>\u2728 Anregungen f\u00fcr bewusstes Spielen<\/p>\n<p data-start=\"2767\" data-end=\"2781\">Und vor allem:<\/p>\n<p data-start=\"2783\" data-end=\"2866\">Ideen, die du wirklich umsetzt. Nicht nur speicherst. Sondern vor allem nicht vergisst und direkt nachmachen kannst.<\/p>\n<h3 data-start=\"2873\" data-end=\"2906\">Warum du mir vertrauen kannst<\/h3>\n<p data-start=\"2908\" data-end=\"2935\">Ich kombiniere zwei Welten:<\/p>\n<p data-start=\"2937\" data-end=\"3038\">Die professionelle Sicht einer Erzieherin und die ehrliche Realit\u00e4t einer alleinerziehenden Mama.<\/p>\n<p data-start=\"3040\" data-end=\"3170\">Ich wei\u00df, wie es ist, wenig Zeit zu haben.<br data-start=\"3082\" data-end=\"3085\" \/>Ich wei\u00df, wie es ist, m\u00fcde zu sein.<br data-start=\"3120\" data-end=\"3123\" \/>Ich wei\u00df, wie es ist, alles alleine zu stemmen. Und ich wei\u00df, wie wertvoll diese kleinen Momente am Basteltisch sind. Ich empfehle nichts, was ich nicht selbst ausprobiert habe. Ich teile nur, was funktioniert. Ich denke kritisch, hinterfrage Trends und schaue immer auf den p\u00e4dagogischen Mehrwert.<\/p>\n<p data-start=\"3429\" data-end=\"3494\">Keine leeren Versprechen.<br data-start=\"3454\" data-end=\"3457\" \/>Kein k\u00fcnstliches \u201eAlles ist perfekt\u201c. Sondern echte p\u00e4dagogische Erfahrung.<\/p>\n<h3 data-start=\"3529\" data-end=\"3545\">Meine Vision<\/h3>\n<p data-start=\"3547\" data-end=\"3586\">Ich m\u00f6chte, dass du dich sicher f\u00fchlst. Sicher darin, dein Kind sinnvoll zu besch\u00e4ftigen. Sicher darin, es spielerisch zu f\u00f6rdern. Sicher darin, genug zu sein. Ich m\u00f6chte, dass Kinder wieder mehr f\u00fchlen, matschen, bauen, entdecken. Ihre sensorischen Erfahrungen machen k\u00f6nnen. Mit allen Sinnen was erleben. Dass sie mit ihren H\u00e4nden lernen k\u00f6nnen. Dass sie staunen d\u00fcrfen. \u00a0Und ich m\u00f6chte, dass du dabei entspannter wirst. Das du diese Momente genie\u00dft und mit ganzen Herzen dabei bist. Den das Kind wird zwar diese Erfahrungen sammeln aber es wird auch diese kostbaren Momente in seinem Herz behalten.<\/p>\n<h3 data-start=\"3904\" data-end=\"3941\">Ein kleiner pers\u00f6nlicher Einblick<\/h3>\n<p data-start=\"3943\" data-end=\"4061\">Ich bin nicht nur Erzieherin. Ich bin Mama. Ich bin kreativ. Ich denke gerne anders. Ich probiere Dinge aus, wo manche mit dem Kopf sch\u00fctteln und sagen oh Gott, was machst du nur da? Ich gehe gerne aus der Komfortzone raus, f\u00fcr die Kinder. F\u00fcr mein Kind und all die Kinder, die neue Erfahrungen sammeln d\u00fcrfen. \u00a0Und ich glaube fest daran, dass Spiel die wichtigste Arbeit eines Kindes ist.<\/p>\n<p data-start=\"4142\" data-end=\"4339\">Wenn ich sehe, wie Kinder mit leuchtenden Augen Reis durch die Finger rieseln lassen, aus Klopapierrollen Tiere entstehen oder aus einem simplen Karton eine ganze Fantasiewelt wird, dann wei\u00df ich:<\/p>\n<p data-start=\"4341\" data-end=\"4372\">Genau daf\u00fcr mache ich das hier.<\/p>\n<p data-start=\"4379\" data-end=\"4429\"><strong>Wenn du also hier gelandet bist, weil du dachtest:<\/strong><\/p>\n<p data-start=\"4431\" data-end=\"4465\">\u201eIch brauche dringend neue Ideen.\u201c<\/p>\n<p data-start=\"4467\" data-end=\"4494\">Dann bist du genau richtig.<\/p>\n<p data-start=\"4496\" data-end=\"4556\">Sch\u00f6n, dass du da bist. Lass uns gemeinsam kreativ werden. Lass dich inspirieren und du darfst dir das mitnehmen, welches du f\u00fcr dich brauchen kannst.<\/p>\n<p data-start=\"4496\" data-end=\"4556\">Viel Spa\u00df und gute Umsetzung<\/p>\n<p data-start=\"4558\" data-end=\"4574\" data-is-last-node=\"\" data-is-only-node=\"\">Deine<br data-start=\"4563\" data-end=\"4566\" \/>Alina \ud83d\ude42<\/p>\n","protected":false},"excerpt":{"rendered":"<p>Das bin ich: Manchmal sitze ich hier mit einer Tasse Tee, schaue meinem Sohn beim Spielen zu und denke mir: \u00a0Wie oft ich fr\u00fcher geh\u00f6rt habe: \u201eIch wei\u00df einfach nicht, was ich mit meinem Kind machen soll\u2026\u201c Und genau da hat alles angefangen. Ich bin Alina. In meinen 30ern.\u00a0Alleinerziehende Mama eines wundervollen Sohnes.Erzieherin mit jahrelanger [&hellip;]<\/p>\n","protected":false},"author":1,"featured_media":0,"parent":0,"menu_order":0,"comment_status":"closed","ping_status":"closed","template":"","meta":{"footnotes":""},"class_list":["post-156","page","type-page","status-publish","hentry"],"yoast_head":"<!-- This site is optimized with the Yoast SEO plugin v19.13 - https:\/\/yoast.com\/wordpress\/plugins\/seo\/ -->\n<title>\u00dcber mich - spannendesf\u00fcrkinder.de<\/title>\n<meta name=\"robots\" content=\"index, follow, max-snippet:-1, max-image-preview:large, max-video-preview:-1\" \/>\n<link rel=\"canonical\" href=\"https:\/\/spannendesf\u00fcrkinder.de\/?page_id=156\" \/>\n<meta property=\"og:locale\" content=\"de_DE\" \/>\n<meta property=\"og:type\" content=\"article\" \/>\n<meta property=\"og:title\" content=\"\u00dcber mich - spannendesf\u00fcrkinder.de\" \/>\n<meta property=\"og:description\" content=\"Das bin ich: Manchmal sitze ich hier mit einer Tasse Tee, schaue meinem Sohn beim Spielen zu und denke mir: \u00a0Wie oft ich fr\u00fcher geh\u00f6rt habe: \u201eIch wei\u00df einfach nicht, was ich mit meinem Kind machen soll\u2026\u201c Und genau da hat alles angefangen. Ich bin Alina. In meinen 30ern.\u00a0Alleinerziehende Mama eines wundervollen Sohnes.Erzieherin mit jahrelanger [&hellip;]\" \/>\n<meta property=\"og:url\" content=\"https:\/\/spannendesf\u00fcrkinder.de\/?page_id=156\" \/>\n<meta property=\"og:site_name\" content=\"spannendesf\u00fcrkinder.de\" \/>\n<meta property=\"article:modified_time\" content=\"2026-02-25T13:53:42+00:00\" \/>\n<meta name=\"twitter:card\" content=\"summary_large_image\" \/>\n<meta name=\"twitter:label1\" content=\"Gesch\u00e4tzte Lesezeit\" \/>\n\t<meta name=\"twitter:data1\" content=\"5\u00a0Minuten\" \/>\n<script type=\"application\/ld+json\" class=\"yoast-schema-graph\">{\"@context\":\"https:\/\/schema.org\",\"@graph\":[{\"@type\":\"WebPage\",\"@id\":\"https:\/\/spannendesf\u00fcrkinder.de\/?page_id=156\",\"url\":\"https:\/\/spannendesf\u00fcrkinder.de\/?page_id=156\",\"name\":\"\u00dcber mich - spannendesf\u00fcrkinder.de\",\"isPartOf\":{\"@id\":\"https:\/\/spannendesf\u00fcrkinder.de\/#website\"},\"datePublished\":\"2026-02-25T13:52:41+00:00\",\"dateModified\":\"2026-02-25T13:53:42+00:00\",\"breadcrumb\":{\"@id\":\"https:\/\/spannendesf\u00fcrkinder.de\/?page_id=156#breadcrumb\"},\"inLanguage\":\"de\",\"potentialAction\":[{\"@type\":\"ReadAction\",\"target\":[\"https:\/\/spannendesf\u00fcrkinder.de\/?page_id=156\"]}]},{\"@type\":\"BreadcrumbList\",\"@id\":\"https:\/\/spannendesf\u00fcrkinder.de\/?page_id=156#breadcrumb\",\"itemListElement\":[{\"@type\":\"ListItem\",\"position\":1,\"name\":\"Home\",\"item\":\"https:\/\/spannendesf\u00fcrkinder.de\/\"},{\"@type\":\"ListItem\",\"position\":2,\"name\":\"\u00dcber mich\"}]},{\"@type\":\"WebSite\",\"@id\":\"https:\/\/spannendesf\u00fcrkinder.de\/#website\",\"url\":\"https:\/\/spannendesf\u00fcrkinder.de\/\",\"name\":\"spannendesf\u00fcrkinder.de\",\"description\":\"\",\"publisher\":{\"@id\":\"https:\/\/spannendesf\u00fcrkinder.de\/#organization\"},\"potentialAction\":[{\"@type\":\"SearchAction\",\"target\":{\"@type\":\"EntryPoint\",\"urlTemplate\":\"https:\/\/spannendesf\u00fcrkinder.de\/?s={search_term_string}\"},\"query-input\":\"required name=search_term_string\"}],\"inLanguage\":\"de\"},{\"@type\":\"Organization\",\"@id\":\"https:\/\/spannendesf\u00fcrkinder.de\/#organization\",\"name\":\"spannendesf\u00fcrkinder.de\",\"url\":\"https:\/\/spannendesf\u00fcrkinder.de\/\",\"logo\":{\"@type\":\"ImageObject\",\"inLanguage\":\"de\",\"@id\":\"https:\/\/spannendesf\u00fcrkinder.de\/#\/schema\/logo\/image\/\",\"url\":\"https:\/\/spannendesf\u00fcrkinder.de\/wp-content\/uploads\/2022\/12\/Spannendes-fur-Kinder-5-1.png\",\"contentUrl\":\"https:\/\/spannendesf\u00fcrkinder.de\/wp-content\/uploads\/2022\/12\/Spannendes-fur-Kinder-5-1.png\",\"width\":150,\"height\":150,\"caption\":\"spannendesf\u00fcrkinder.de\"},\"image\":{\"@id\":\"https:\/\/spannendesf\u00fcrkinder.de\/#\/schema\/logo\/image\/\"}}]}<\/script>\n<!-- \/ Yoast SEO plugin. -->","yoast_head_json":{"title":"\u00dcber mich - spannendesf\u00fcrkinder.de","robots":{"index":"index","follow":"follow","max-snippet":"max-snippet:-1","max-image-preview":"max-image-preview:large","max-video-preview":"max-video-preview:-1"},"canonical":"https:\/\/spannendesf\u00fcrkinder.de\/?page_id=156","og_locale":"de_DE","og_type":"article","og_title":"\u00dcber mich - spannendesf\u00fcrkinder.de","og_description":"Das bin ich: Manchmal sitze ich hier mit einer Tasse Tee, schaue meinem Sohn beim Spielen zu und denke mir: \u00a0Wie oft ich fr\u00fcher geh\u00f6rt habe: \u201eIch wei\u00df einfach nicht, was ich mit meinem Kind machen soll\u2026\u201c Und genau da hat alles angefangen. Ich bin Alina. In meinen 30ern.\u00a0Alleinerziehende Mama eines wundervollen Sohnes.Erzieherin mit jahrelanger [&hellip;]","og_url":"https:\/\/spannendesf\u00fcrkinder.de\/?page_id=156","og_site_name":"spannendesf\u00fcrkinder.de","article_modified_time":"2026-02-25T13:53:42+00:00","twitter_card":"summary_large_image","twitter_misc":{"Gesch\u00e4tzte Lesezeit":"5\u00a0Minuten"},"schema":{"@context":"https:\/\/schema.org","@graph":[{"@type":"WebPage","@id":"https:\/\/spannendesf\u00fcrkinder.de\/?page_id=156","url":"https:\/\/spannendesf\u00fcrkinder.de\/?page_id=156","name":"\u00dcber mich - spannendesf\u00fcrkinder.de","isPartOf":{"@id":"https:\/\/spannendesf\u00fcrkinder.de\/#website"},"datePublished":"2026-02-25T13:52:41+00:00","dateModified":"2026-02-25T13:53:42+00:00","breadcrumb":{"@id":"https:\/\/spannendesf\u00fcrkinder.de\/?page_id=156#breadcrumb"},"inLanguage":"de","potentialAction":[{"@type":"ReadAction","target":["https:\/\/spannendesf\u00fcrkinder.de\/?page_id=156"]}]},{"@type":"BreadcrumbList","@id":"https:\/\/spannendesf\u00fcrkinder.de\/?page_id=156#breadcrumb","itemListElement":[{"@type":"ListItem","position":1,"name":"Home","item":"https:\/\/spannendesf\u00fcrkinder.de\/"},{"@type":"ListItem","position":2,"name":"\u00dcber mich"}]},{"@type":"WebSite","@id":"https:\/\/spannendesf\u00fcrkinder.de\/#website","url":"https:\/\/spannendesf\u00fcrkinder.de\/","name":"spannendesf\u00fcrkinder.de","description":"","publisher":{"@id":"https:\/\/spannendesf\u00fcrkinder.de\/#organization"},"potentialAction":[{"@type":"SearchAction","target":{"@type":"EntryPoint","urlTemplate":"https:\/\/spannendesf\u00fcrkinder.de\/?s={search_term_string}"},"query-input":"required name=search_term_string"}],"inLanguage":"de"},{"@type":"Organization","@id":"https:\/\/spannendesf\u00fcrkinder.de\/#organization","name":"spannendesf\u00fcrkinder.de","url":"https:\/\/spannendesf\u00fcrkinder.de\/","logo":{"@type":"ImageObject","inLanguage":"de","@id":"https:\/\/spannendesf\u00fcrkinder.de\/#\/schema\/logo\/image\/","url":"https:\/\/spannendesf\u00fcrkinder.de\/wp-content\/uploads\/2022\/12\/Spannendes-fur-Kinder-5-1.png","contentUrl":"https:\/\/spannendesf\u00fcrkinder.de\/wp-content\/uploads\/2022\/12\/Spannendes-fur-Kinder-5-1.png","width":150,"height":150,"caption":"spannendesf\u00fcrkinder.de"},"image":{"@id":"https:\/\/spannendesf\u00fcrkinder.de\/#\/schema\/logo\/image\/"}}]}},"_links":{"self":[{"href":"https:\/\/spannendesf\u00fcrkinder.de\/index.php?rest_route=\/wp\/v2\/pages\/156","targetHints":{"allow":["GET"]}}],"collection":[{"href":"https:\/\/spannendesf\u00fcrkinder.de\/index.php?rest_route=\/wp\/v2\/pages"}],"about":[{"href":"https:\/\/spannendesf\u00fcrkinder.de\/index.php?rest_route=\/wp\/v2\/types\/page"}],"author":[{"embeddable":true,"href":"https:\/\/spannendesf\u00fcrkinder.de\/index.php?rest_route=\/wp\/v2\/users\/1"}],"replies":[{"embeddable":true,"href":"https:\/\/spannendesf\u00fcrkinder.de\/index.php?rest_route=%2Fwp%2Fv2%2Fcomments&post=156"}],"version-history":[{"count":1,"href":"https:\/\/spannendesf\u00fcrkinder.de\/index.php?rest_route=\/wp\/v2\/pages\/156\/revisions"}],"predecessor-version":[{"id":666,"href":"https:\/\/spannendesf\u00fcrkinder.de\/index.php?rest_route=\/wp\/v2\/pages\/156\/revisions\/666"}],"wp:attachment":[{"href":"https:\/\/spannendesf\u00fcrkinder.de\/index.php?rest_route=%2Fwp%2Fv2%2Fmedia&parent=156"}],"curies":[{"name":"wp","href":"https:\/\/api.w.org\/{rel}","templated":true}]}}